 - 5*q - 50, r*q - 22 = -l. What is the units digit of l?
4
Suppose 0 = 4*b - 4*q - 81880, 226*q - 20456 = -b + 229*q. What is the thousands digit of b?
0
What is the hundreds digit of (-12315210)/(-405) - 46/(-621)?
4
Suppose -4*z + 129032 = -2*l, 19*z - 17*z = -5*l + 64480. What is the thousands digit of z?
2
Suppose 11*v = 7 + 15. Suppose -164 = v*h + 698. Let d = h + 619. What is the units digit of d?
8
Suppose -3*p + m + 1994 = 0, 562 = -3*p + 4*m + 2553. Let v = -235 + p. What is the hundreds digit of v?
4
Suppose 0 = 4*q - 16, 3*f - q - 35 = -0*q. Suppose f*j - 7*j - 30 = 0. Suppose -212 = -j*p + p. What is the tens digit of p?
5
Let q = 5 + 294. Let y = q - 421. Let p = y + 174. What is the tens digit of p?
5
Let s be 18/3*(-2 - (-565)/10). Suppose -s = -4*i + l + 66, -4*l = 2*i - 210. What is the tens digit of i?
9
Let k be ((-35)/(-20))/7 + (-33)/(-12). Let l be 4/6 - 2/k. Suppose -2*f - i + 0*i + 212 = 0, i - 2 = l. What is the tens digit of f?
0
Let i(p) = 1902*p**2 - 19*p + 47. What is the units digit of i(2)?
7
Let h = 13859 + -9394. Suppose -7*z + 2318 + h = 0. What is the units digit of z?
9
Suppose -b = -p - 7224, 2*b + 0*b = -5*p + 14441. What is the thousands digit of b?
7
Let a be 1/((-8)/(-880)*2/1). What is the hundreds digit of (-4)/22 + (37685/a - 5)?
6
Suppose -69328 = -1185*g + 1178*g. What is the units digit of g?
4
Suppose -23*l - 601884 = 12*l - 2662964. What is the units digit of l?
8
Suppose 27138 = -4*p + 6*p + 5*b, -3*b = 5*p - 67902. What is the units digit of p?
4
Let z be 11/(-22) + (-11)/(-2). Suppose -5*x + 6*a + 1345 = 11*a, -1341 = -z*x - 4*a. What is the units digit of x?
5
Let n(s) = 3*s - 15. Let k be ((-12)/(-9))/(5/30). Let f be n(k). What is the tens digit of (-6)/4*(-870)/f?
4
Let y(u) = 760*u + 703. What is the hundreds digit of y(18)?
3
Let q be (2/(-6))/((-1)/30). Suppose q*f - 4*f = -252. Let p = f - -44. What is the units digit of p?
2
Let i(b) = 3755*b - 4191. What is the ten thousands digit of i(8)?
2
Suppose 67*l = 211*l - 318384. What is the hundreds digit of l?
2
Suppose 71271 = 195*q - 3209341 - 2966408. What is the hundreds digit of q?
0
Let m be (-99)/(-6)*(-20)/(-75)*-5. Suppose -a = 3*a + 32. Let u = a - m. What is the tens digit of u?
1
Let z(q) = 10 + 22*q + 4 + 0. What is the tens digit of z(16)?
6
Let t(x) be the second derivative of x**4/4 + 14*x**3/3 + 41*x**2/2 + 3*x + 12. What is the units digit of t(-11)?
6
Suppose 0 = 4*o + 4*z - 44, 21*o - 25*o + 4*z + 4 = 0. Suppose 22*v - o*v - 560 = 0. What is the units digit of v?
5
Suppose t - 18 = -5*t. Suppose i = -c - t*i + 40, 4*c - 2*i = 178. Suppose -36 = -g - g + 2*x, 0 = -3*g + 5*x + c. What is the units digit of g?
3
Let u be 5 + -4 + 0 + 599. Let v = u - -350. What is the units digit of v?
0
Let g = 10844 + -4270. What is the thousands digit of g?
6
Let a be (8/5)/((-12)/(-60)). Suppose a*z - 839 = 1257. Let g = -164 + z. What is the units digit of g?
8
Let q = -32071 + 69086. What is the ten thousands digit of q?
3
Suppose 4*h - 97905 = 2*q - 37487, 0 = 3*q - 3. What is the units digit of h?
5
Suppose u = 12*v - 14*v + 22127, 2*v + 2*u - 22128 = 0. What is the thousands digit of v?
1
Suppose -5*u = 4*h + 2, 5*h + 3*u = -0*h + 4. Suppose -h*r = -97 - 685. What is the tens digit of r?
9
Let w = -115 + 103. Let u be (-12)/18 + (-8)/w. Suppose -n + 17*n - 3344 = u. What is the units digit of n?
9
What is the tens digit of -3 - (-8352 + (-1 - -8 - 8))?
5
Suppose 6*a - 3*a = 5*f - 2745, -5*a - 4609 = 3*f. Let w = 1322 + a. What is the units digit of w?
2
Suppose 6 = 2*j, 0 = -3*z - 0*j - j. Let a be 206 - (-4 - (3 - -1)/z). Suppose a = 4*g - 3*g - 4*s, -5*s + 740 = 4*g. What is the units digit of g?
0
Let q = -18 - -44. Let s = q - 24. Let a = s - -92. What is the units digit of a?
4
Suppose -2*u + 25134 = 18*l - 14*l, -8 = -4*l. What is the thousands digit of u?
2
Let d(c) = -9*c + 432. Let t be d(49). What is the units digit of 1116/t*26/(-8)?
3
Let v be ((-4 + 4)/2)/(-1). Suppose 95 = 5*q - 4*q - o, v = 3*q + 2*o - 265. What is the tens digit of q?
9
Let t = 28949 + -8143. What is the thousands digit of t?
0
Let z(x) = 8*x + 98. Let n be z(4). Suppose 4518 = -121*h + n*h. What is the units digit of h?
2
Suppose -5*u + 1372 = -2*t, -6*t = -2*u - 2*t + 536. Let s = u + -131. What is the tens digit of s?
4
Suppose -249554 = -5*w + u, -49870 = -331*w + 330*w - 10*u. What is the tens digit of w?
1
Let a = -31239 + 83937. What is the hundreds digit of a?
6
Suppose 2*t - 11966 = -4*p, -2*t + 7*t = -5. Suppose 47*g - 51*g = -p. What is the hundreds digit of g?
7
Let j(y) = -y - 26. Let a be j(-26). What is the tens digit of 853 - (0 - (2 + a/(-6)))?
5
Let u = 65 + -29. Let l = 225 - 92. Let y = l - u. What is the units digit of y?
7
Let k(r) = -r**3 + 7*r**2 + 8*r + 4. Suppose -c + 10*c = 63. Let y be k(c). Suppose -i + 296 = y. What is the tens digit of i?
3
Suppose -2*q = -36 - 6. Suppose -5*x + 5*u - 22 = 3, x + 3*u + q = 0. Let d = 46 + x. What is the tens digit of d?
3
Suppose 11*d - 30 = 5*d. Let y(w) = -12 - 13*w + d*w - 8*w. What is the units digit of y(-3)?
6
Let g(d) = -d + 1. Let u be g(8). Let y = u + 472. What is the tens digit of y?
6
Suppose -4*t + 2*c + 1654 = -40, 3*c = -15. What is the hundreds digit of t?
4
Suppose -8*f - 47617 = -11*f - 11290. What is the ten thousands digit of f?
1
Suppose 0 = -2*a + 3*v + 365, -5*v = -4*v - 1. Suppose b - m - a = 0, -5*m - 735 = 13*b - 17*b. What is the tens digit of b?
8
Let b(u) = -2*u**3 - 8*u**2 + 218*u + 4. Let d be b(9). Suppose -2*a - 213 = 57. Let p = a - d. What is the units digit of p?
5
Suppose -2*v - 6*y - 916 = -y, 928 = -2*v + y. What is the units digit of v*(3 + (-35)/10)*2?
3
Suppose 5*s + 4*t = t + 746, 4*t = -s + 156. Suppose -5*u + 188 = -2*u - 4*d, 3*d = -2*u + s. What is the units digit of u?
8
Let w be -15*((-24)/(-5) - 4). What is the hundreds digit of (3771/w)/(6/(-8))?
4
Let i(n) = 4*n - 22. Let h be i(7). What is the units digit of 8/(-16) - (-39)/h?
6
Let u be 0 + -3 - (-2587 + 80/(-10)). Suppose 5*t - u = -382. What is the hundreds digit of t?
4
Let q be 1/10 - -598*6/120. Let u(m) = -m**3 - 3*m**2 + 3*m + 1. Let l be u(-4). What is the tens digit of 6312/q - 2/l?
1
Let g be (-2 + 1)/((10/(-5))/10). Suppose -1573 = -2*s + t, -18*s + 16*s + 1569 = -g*t. What is the tens digit of s?
8
Let y = -12881 - -13785. What is the tens digit of y?
0
Suppose 39*p - 74071 = 34*p + 2*u, 5*p - 3*u - 74069 = 0. What is the thousands digit of p?
4
Suppose -21*a + 13044 = 2*s - 25*a, 5*s = -a + 32621. What is the thousands digit of s?
6
What is the tens digit of (40247/(-501))/(1/(-54)*2)?
6
Suppose 4*a + 16 = -2*n, 4 = -n + a + 11. Let j = -30 + n. What is the tens digit of -30*j/14*4/10?
2
Suppose -21*y + 825 = -18*y. Let z = y + 859. What is the units digit of z?
4
Let h = 485 - -177. Suppose -h + 13670 = 12*d. What is the units digit of d?
4
Let a = 1131 + -705. Suppose -3*n + 16*k = 14*k - 431, 3*n - 3*k = a. What is the units digit of n?
7
Let u(q) = q**3 - 18*q**2 - 17*q + 10. Let w be u(21). Let s = -521 + w. Suppose 28*p = 33*p - s. What is the tens digit of p?
9
Suppose 135*t + 46*t + 678209 - 4220017 = 0. What is the units digit of t?
8
Suppose -37 = -5*y - 3*b - 16, b = 3*y - 7. What is the units digit of y?
3
Let k(f) be the first derivative of 7*f**2 - 50*f + 23. What is the units digit of k(21)?
4
Let i(j) = -j**2 + 14*j - 5. Let n = 35 + -35. Suppose n = 5*u - 4*u - 11. What is the units digit of i(u)?
8
Suppose -9 = -4*o - 4*u + 3, -3*u - 7 = -o. Suppose x = -5*d + 1190, -737 = -3*d - 0*d + o*x. What is the units digit of d?
9
Let a(x) = 25*x - 20 - 7*x**2 + 10 + 10*x**2. Let l be a(-14). Suppose -157 = -2*m - 0*i - 5*i, -l = -3*m - 5*i. What is the units digit of m?
1
Let d(y) = -17*y + 9. Let b be d(-27). Let a = -302 + b. What is the hundreds digit of a?
1
What is the thousands digit of (-1741)/(((-3)/(-522))/(9/(-54)))?
0
Suppose 748895 + 791263 = 107*z. What is the tens digit of z?
9
Let x be (7/((-70)/(-12)))/((-6)/(-30)). Suppose 4*c - x = 10. What is the tens digit of (-1*c/(-6))/((-52)/(-3744))?
4
Let a = -53 + 68. Let g = a + -12. Suppose 3*f - f + 167 = g*q, -5*q + 5*f = -285. What is the tens digit of q?
5
Suppose 4*a + 2*k = 222, -4*k 